{"id":16,"date":"2014-11-20T12:33:32","date_gmt":"2014-11-20T10:33:32","guid":{"rendered":"http:\/\/anderssonart.com\/leaf\/?page_id=16"},"modified":"2020-09-01T15:10:13","modified_gmt":"2020-09-01T12:10:13","slug":"page-7","status":"publish","type":"page","link":"https:\/\/anderssonart.com\/leaf\/page-7\/","title":{"rendered":"Doctoral study"},"content":{"rendered":"<h3>Jan-Erik Andersson: LIfe on a Leaf -Iconic Space<br \/>\nMy House as an Architectural Artwork<\/h3>\n<p>Demonstration of Knowledge and Skill for the Doctorate in Fine Arts, 8.11. 2008. Finnish Academy of Fine Arts, Department for Postgraduate Studies.<\/p>\n<p>Feel free to download the study in PDF format.<\/p>\n<p>The Summary is in <a href=\"http:\/\/www.anderssonart.com\/leaf\/doctoral_study\/summary_eng.pdf\" target=\"_blank\" rel=\"noopener noreferrer\">English<\/a>, <a href=\"http:\/\/www.anderssonart.com\/leaf\/doctoral_study\/summary_sven.pdf\" target=\"_blank\" rel=\"noopener noreferrer\">Swedish<\/a> and <a href=\"http:\/\/www.anderssonart.com\/leaf\/doctoral_study\/summary_fin.pdf\" target=\"_blank\" rel=\"noopener noreferrer\">Finnish<\/a>.<\/p>\n<p>The study, written in Swedish, consists of three different parts; <a href=\"http:\/\/www.anderssonart.com\/leaf\/doctoral_study\/inledning_andersson.pdf\" target=\"_blank\" rel=\"noopener noreferrer\">Inledningen (Introduction)<\/a>, <a href=\"http:\/\/www.anderssonart.com\/leaf\/doctoral_study\/dagbok_andersson.pdf\" target=\"_blank\" rel=\"noopener noreferrer\">Dagboken ( The Journal)<\/a>, <a href=\"http:\/\/www.anderssonart.com\/leaf\/doctoral_study\/teoribok_andersson.pdf\" target=\"_blank\" rel=\"noopener noreferrer\">Teoriboken 1 &amp; 2 (The Theory book 1 &amp; 2)<\/a>.<\/p>\n<p>Kindly, respect the copyright of the author. Without permission from the author no copying and\/or distribution of the written material is allowed.<\/p>\n<h3>The study <span id=\"result_box\" class=\"short_text\" lang=\"en\"><span class=\"hps\">has been published<\/span> <span class=\"hps\">in English and Finnish<\/span><\/span>:<\/h3>\n<p><a href=\"http:\/\/anderssonart.com\/leaf\/wp-content\/uploads\/2015\/02\/image_7412.jpg\"><img decoding=\"async\" loading=\"lazy\" class=\"alignnone wp-image-494\" src=\"http:\/\/anderssonart.com\/leaf\/wp-content\/uploads\/2015\/02\/image_7412.jpg\" alt=\"Life on a Leaf -book\" width=\"200\" height=\"260\" \/><\/a><\/p>\n<p>The book is based on Andersson\u2019s Doctorate<br \/>\nin Fine Arts at the Academy of Fine Arts in Helsinki.<\/p>\n<p><a title=\"Life on a Leaf -book\" href=\"http:\/\/shop.merpaperkunsthalle.org\/life-on-a-leaf-jan-erik-andersson.html\" target=\"_blank\" rel=\"noopener noreferrer\">Life on a Leaf -book<\/a><\/p>\n<p><a href=\"http:\/\/anderssonart.com\/leaf\/wp-content\/uploads\/2015\/02\/el_kansi.png\"><img decoding=\"async\" loading=\"lazy\" class=\"alignnone wp-image-493\" src=\"http:\/\/anderssonart.com\/leaf\/wp-content\/uploads\/2015\/02\/el_kansi.png\" alt=\"el_kansi\" width=\"300\" height=\"247\" srcset=\"https:\/\/anderssonart.com\/leaf\/wp-content\/uploads\/2015\/02\/el_kansi.png 567w, https:\/\/anderssonart.com\/leaf\/wp-content\/uploads\/2015\/02\/el_kansi-486x400.png 486w\" sizes=\"(max-width: 300px) 100vw, 300px\" \/><\/a><\/p>\n<p>Turkulainen taiteilija Jan-Erik Andersson yhteisty\u00f6kumppaneineen suunnitteli ja rakensi lehdenmuotoisen talon, joka on her\u00e4tt\u00e4nyt suurta kansainv\u00e4list\u00e4 huomioita. Andersson kuvaa koko prosessin mukaansatempaavasti ja kertoo valaisevin havainnoin, millaista on asua kokonaistaideteoksessa. H\u00e4n haluaa osoittaa, ett\u00e4 tulevaisuuden rakennukset pit\u00e4isi tehd\u00e4 taiteilijoiden, arkkitehtien, k\u00e4sity\u00f6l\u00e4isten ja k\u00e4ytt\u00e4jien yhteisty\u00f6n\u00e4, l\u00e4ht\u00f6kohtanaan unelmat, tarinat, mielikuvitus, vapaus, yll\u00e4tykset ja ekologia.<\/p>\n<p><a title=\"El\u00e4m\u00e4\u00e4 lehdell\u00e4 -kirja\" href=\"http:\/\/www.maahenki.fi\/tuote\/756\/elamaa-lehdella\" target=\"_blank\" rel=\"noopener noreferrer\">El\u00e4m\u00e4\u00e4 lehde<\/a><a title=\"El\u00e4m\u00e4\u00e4 lehdell\u00e4 -kirja\" href=\"http:\/\/www.maahenki.fi\/tuote\/756\/elamaa-lehdella\" target=\"_blank\" rel=\"noopener noreferrer\">ll\u00e4 -kirja<\/a><\/p>\n","protected":false},"excerpt":{"rendered":"<p>Jan-Erik Andersson: LIfe on a Leaf -Iconic Space My House as an Architectural Artwork Demonstration of Knowledge and Skill for the Doctorate in Fine Arts, 8.11. 2008. Finnish Academy of Fine Arts, Department for Postgraduate Studies. Feel free to download the study in PDF format. The Summary is in English, [&hellip;]<\/p>\n","protected":false},"author":1,"featured_media":0,"parent":0,"menu_order":0,"comment_status":"closed","ping_status":"closed","template":"","meta":{"footnotes":"","_vp_format_video_url":"","_vp_image_focal_point":[]},"_links":{"self":[{"href":"https:\/\/anderssonart.com\/leaf\/wp-json\/wp\/v2\/pages\/16"}],"collection":[{"href":"https:\/\/anderssonart.com\/leaf\/wp-json\/wp\/v2\/pages"}],"about":[{"href":"https:\/\/anderssonart.com\/leaf\/wp-json\/wp\/v2\/types\/page"}],"author":[{"embeddable":true,"href":"https:\/\/anderssonart.com\/leaf\/wp-json\/wp\/v2\/users\/1"}],"replies":[{"embeddable":true,"href":"https:\/\/anderssonart.com\/leaf\/wp-json\/wp\/v2\/comments?post=16"}],"version-history":[{"count":21,"href":"https:\/\/anderssonart.com\/leaf\/wp-json\/wp\/v2\/pages\/16\/revisions"}],"predecessor-version":[{"id":721,"href":"https:\/\/anderssonart.com\/leaf\/wp-json\/wp\/v2\/pages\/16\/revisions\/721"}],"wp:attachment":[{"href":"https:\/\/anderssonart.com\/leaf\/wp-json\/wp\/v2\/media?parent=16"}],"curies":[{"name":"wp","href":"https:\/\/api.w.org\/{rel}","templated":true}]}}